886?
6
What is the units digit of 157443904?
4
What is the hundred millions digit of 2281239563?
2
What is the ten millions digit of 99249710?
9
What is the tens digit of 209128218?
1
What is the units digit of 108586923?
3
What is the hundreds digit of 199572469?
4
What is the hundred thousands digit of 371715947?
7
What is the millions digit of 808290797?
8
What is the ten thousands digit of 53212609?
1
What is the millions digit of 350096044?
0
What is the ten thousands digit of 3137743276?
4
What is the hundreds digit of 16072043?
0
What is the ten thousands digit of 682682070?
8
What is the ten thousands digit of 4799965808?
6
What is the ten millions digit of 156778542?
5
What is the tens digit of 141923953?
5
What is the millions digit of 1006828059?
6
What is the thousands digit of 32231814?
1
What is the thousands digit of 50582708?
2
What is the millions digit of 1342867244?
2
What is the hundred thousands digit of 1850997944?
9
What is the ten millions digit of 85042924?
8
What is the ten millions digit of 36018121?
3
What is the thousands digit of 189666355?
6
What is the ten millions digit of 172526506?
7
What is the thousands digit of 2018910200?
0
What is the millions digit of 172570566?
2
What is the tens digit of 174739952?
5
What is the hundred thousands digit of 2657428979?
4
What is the hundred millions digit of 964168792?
9
What is the units digit of 565943017?
7
What is the ten millions digit of 328680706?
2
What is the units digit of 1433633424?
4
What is the ten millions digit of 670444809?
7
What is the units digit of 388469452?
2
What is the tens digit of 65286410?
1
What is the billions digit of 2303569554?
2
What is the tens digit of 304439194?
9
What is the millions digit of 616521340?
6
What is the millions digit of 810157576?
0
What is the tens digit of 3849285369?
6
What is the tens digit of 905807820?
2
What is the ten thousands digit of 1209697880?
9
What is the hundreds digit of 14844958?
9
What is the hundred millions digit of 752246809?
7
What is the thousands digit of 1020937084?
7
What is the tens digit of 107225978?
7
What is the hundreds digit of 4171486495?
4
What is the thousands digit of 50869887?
9
What is the units digit of 254642158?
8
What is the hundred thousands digit of 15735357?
7
What is the tens digit of 135161242?
4
What is the hundred thousands digit of 80869597?
8
What is the hundred millions digit of 2797813220?
7
What is the hundred thousands digit of 49961038?
9
What is the ten thousands digit of 64556265?
5
What is the hundreds digit of 3958938779?
7
What is the units digit of 3508140353?
3
What is the ten millions digit of 379620939?
7
What is the thousands digit of 177711666?
1
What is the hundreds digit of 101400097?
0
What is the millions digit of 26536518?
6
What is the hundreds digit of 783757341?
3
What is the hundred thousands digit of 298346718?
3
What is the hundred thousands digit of 43554340?
5
What is the ten thousands digit of 377063658?
6
What is the ten thousands digit of 71948970?
4
What is the ten thousands digit of 279220509?
2
What is the tens digit of 56488513?
1
What is the ten millions digit of 3878271693?
7
What is the millions digit of 64417511?
4
What is the millions digit of 97759151?
7
What is the units digit of 199813730?
0
What is the tens digit of 37537459?
5
What is the ten thousands digit of 97526256?
2
What is the hundreds digit of 191917952?
9
What is the hundreds digit of 1565960850?
8
What is the millions digit of 280146297?
0
What is the ten millions digit of 146944393?
4
What is the thousands digit of 478438101?
8
What is the millions digit of 49583252?
9
What is the thousands digit of 93632886?
2
What is the hundred thousands digit of 80544419?
5
What is the ten millions digit of 40062932?
4
What is the ten thousands digit of 378406652?
0
What is the hundred thousands digit of 12018981?
0
What is the tens digit of 783216317?
1
What is the ten thousands digit of 2196869027?
6
What is the ten thousands digit of 74715761?
1
What is the ten millions digit of 44392544?
4
What is the ten thousands digit of 1771277860?
7
What is the units digit of 429234385?
5
What is the hundreds digit of 1349521061?
0
What is the millions digit of 958272318?
8
What is the thousands digit of 871002917?
2
What is the hundred thousands digit of 1345564810?
5
What is the billions digit of 1842214429?
1
What is the hundreds digit of 173291219?
2
What is the hundreds digit of 350371421?
4
What is the units digit of 36470681?
1
What is the hundreds digit of 72525998?
9
What is the ten millions digit of 520408533?
2
What is the hundreds digit of 796241743?
7
What is the ten thousands digit of 111819929?
1
What is the thousands digit of 11929154?
9
What is the tens digit of 632704904?
0
What is the ten millions digit of 47866992?
4
What is the hundred millions digit of 206644961?
2
What is the units digit of 599212435?
5
What is the ten millions digit of 341973051?
4
What is the units digit of 4203087?
7
What is the millions digit of 200728865?
0
What is the hundred thousands digit of 2621313152?
3
What is the billions digit of 4376729435?
4
What is the ten millions digit of 2079013061?
7
What is the hundred millions digit of 292250801?
2
What is the tens digit of 930903878?
7
What is the hundreds digit of 698750193?
1
What is the ten thousands digit of 394025384?
2
What is the thousands digit of 6384245?
4
What is the hundred millions digit of 109689215?
1
What is the millions digit of 36678562?
6
What is the units digit of 6459453566?
6
What is the hundreds digit of 53986540?
5
What is the thousands digit of 121837682?
7
What is the ten thousands digit of 150900724?
0
What is the ten thousands digit of 16861000?
6
What is the ten millions digit of 992261130?
9
What is the millions digit of 89536510?
9
What is the hundred thousands digit of 278433964?
4
What is the tens digit of 739650333?
3
What is the ten thousands digit of 1423218200?
1
What is the hundred thousands digit of 2345965981?
9
What is the thousands digit of 516813670?
3
What is the ten millions digit of 183496990?
8
What is the hundred millions digit of 5653929735?
6
What is the hundred thousands digit of 45465808?
4
What is the millions digit of 1343997535?
3
What is the units digit of 871247?
7
What is the units digit of 295696434?
4
What is the ten thousands digit of 64306698?
0
What is the ten millions digit of 43623455?
4
What is the hundred thousands digit of 39386746?
3
What is the hundred thousands digit of 45749083?
7
What is the ten thousands digit of 501715854?
1
What is the tens digit of 171613475?
7
What is the hundred thousands digit of 50594535?
5
What is the tens digit of 435999461?
6
What is the hundreds digit of 110158035?
0
What is the ten millions digit of 265431559?
6
What is the hundred millions digit of 2966545410?
9
What is the thousands digit of 3106882?
6
What is the hundred millions digit of 172828934?
1
What is the tens digit of 104886172?
7
What is the millions digit of 115675302?
5
What is the units digit of 45095262?
2
What is the hundred millions digit of 344808938?
3
What is the ten millions digit of 1233874551?
3
What is the ten millions digit of 112010494?
1
What is the ten millions digit of 3732771053?
3
What is the tens digit of 3995330581?
8
What is the tens digit of 2068977685?
8
What is the ten thousands digit of 1020790788?
9
What is the tens digit of 7056971187?
8
What is the hundred millions digit of 807245087?
8
What is the thousands digit of 5394577?
4
What is the hundred millions digit of 267238428?
2
What is the hundreds digit of 20463746?
7
What is the hundred thousands digit of 247622960?
6
What is the ten millions digit of 15616155?
1
What is the thousands digit of 82919184?
9
What is the tens digit of 362390039?
3
What is the thousands digit of 8795631?
5
What is the thousands digit of 236441034?
1
What is the hundred millions digit of 1816196453?
8
What is the thousands digit of 2898993588?
3
What is the tens digit of 136257584?
8
What is the ten thousands digit of 2163490508?
9
What is the tens digit of 972925969?
6
What is the ten thousands digit of 6213134?
1
What is the tens digit of 20241195?
9
What is the millions digit of 4076964148?
6
What is th